{"id":50,"date":"2019-08-30T08:08:30","date_gmt":"2019-08-30T08:08:30","guid":{"rendered":"https:\/\/wertte.petetronics.com\/w\/?page_id=50"},"modified":"2019-08-30T14:19:18","modified_gmt":"2019-08-30T14:19:18","slug":"keita-me-olemme","status":"publish","type":"page","link":"https:\/\/wertte.petetronics.com\/w\/keita-me-olemme\/","title":{"rendered":"Keit\u00e4 me olemme?"},"content":{"rendered":"\n<p>Olemme nuoria yritt\u00e4ji\u00e4 Lahdesta, joilla on jaettu mielenkiinto urheiluun sek\u00e4 teknologiaan, joten miksi emme yhdist\u00e4isi n\u00e4it\u00e4? <\/p>\n\n\n\n<p>Petteri Haverinen: Uimari ja keksij\u00e4. Wertte OY:n teknologiavastaava. <\/p>\n\n\n\n<figure class=\"wp-block-image is-resized\"><img decoding=\"async\" loading=\"lazy\" src=\"https:\/\/www.petetronics.com\/wp-content\/uploads\/2018\/04\/Pete2.jpg\" alt=\"\" width=\"310\" height=\"282\"\/><figcaption>Petteri Haverinen<br>petteri.haverinen@wertte.com<\/figcaption><\/figure>\n\n\n\n<p>Lassi Lepist\u00f6: Voimailija sek\u00e4 taloushai. Wertte OY:n markkinoini- ja talousvastaava.<\/p>\n\n\n\n<figure class=\"wp-block-image is-resized\"><img decoding=\"async\" loading=\"lazy\" src=\"https:\/\/www.petetronics.com\/wp-content\/uploads\/2019\/04\/IMG-20190228-WA0002.jpg\" alt=\"\" width=\"322\" height=\"242\"\/><figcaption>Lassi Lepist\u00f6<br>lassi.lepisto@wertte.com<\/figcaption><\/figure>\n\n\n\n<p>Lassi L\u00e4\u00e4peri: Softamies henkeen ja vereen, voit kutsua h\u00e4nt\u00e4 Java-Denaksi. Wertte OY:n ohjelmistovastaava ja webmaster. <\/p>\n\n\n\n<figure class=\"wp-block-image is-resized\"><img decoding=\"async\" loading=\"lazy\" src=\"https:\/\/www.petetronics.com\/wp-content\/uploads\/2019\/04\/meh.jpg\" alt=\"\" width=\"194\" height=\"231\"\/><figcaption>Lassi L\u00e4\u00e4peri<br>lassi.laaperi@wertte.com<\/figcaption><\/figure>\n","protected":false},"excerpt":{"rendered":"<p>Olemme nuoria yritt\u00e4ji\u00e4 Lahdesta, joilla on jaettu mielenkiinto urheiluun sek\u00e4 teknologiaan, joten miksi emme yhdist\u00e4isi n\u00e4it\u00e4? Petteri Haverinen: Uimari ja keksij\u00e4. Wertte OY:n teknologiavastaava. Lassi Lepist\u00f6: Voimailija sek\u00e4 taloushai. Wertte OY:n markkinoini- ja talousvastaava. Lassi &hellip;<\/p>\n","protected":false},"author":1,"featured_media":0,"parent":0,"menu_order":0,"comment_status":"closed","ping_status":"closed","template":"","meta":[],"_links":{"self":[{"href":"https:\/\/wertte.petetronics.com\/w\/wp-json\/wp\/v2\/pages\/50"}],"collection":[{"href":"https:\/\/wertte.petetronics.com\/w\/wp-json\/wp\/v2\/pages"}],"about":[{"href":"https:\/\/wertte.petetronics.com\/w\/wp-json\/wp\/v2\/types\/page"}],"author":[{"embeddable":true,"href":"https:\/\/wertte.petetronics.com\/w\/wp-json\/wp\/v2\/users\/1"}],"replies":[{"embeddable":true,"href":"https:\/\/wertte.petetronics.com\/w\/wp-json\/wp\/v2\/comments?post=50"}],"version-history":[{"count":3,"href":"https:\/\/wertte.petetronics.com\/w\/wp-json\/wp\/v2\/pages\/50\/revisions"}],"predecessor-version":[{"id":137,"href":"https:\/\/wertte.petetronics.com\/w\/wp-json\/wp\/v2\/pages\/50\/revisions\/137"}],"wp:attachment":[{"href":"https:\/\/wertte.petetronics.com\/w\/wp-json\/wp\/v2\/media?parent=50"}],"curies":[{"name":"wp","href":"https:\/\/api.w.org\/{rel}","templated":true}]}}